alse
Is 51 a factor of 4437?
True
Is 3633 a multiple of 21?
True
Is 741 a multiple of 39?
True
Is 29 a factor of 3132?
True
Is 24 a multiple of 24?
True
Is 5618 a multiple of 106?
True
Does 50 divide 338?
False
Is 45 a factor of 49860?
True
Is 52 a factor of 1456?
True
Does 18 divide 954?
True
Does 39 divide 3432?
True
Is 28950 a multiple of 3?
True
Does 197 divide 47622?
False
Is 7 a factor of 297?
False
Does 57 divide 399?
True
Is 24 a factor of 3096?
True
Does 5 divide 1434?
False
Is 39832 a multiple of 104?
True
Is 13566 a multiple of 57?
True
Is 1009 a multiple of 11?
False
Is 8 a factor of 852?
False
Is 14 a factor of 2821?
False
Is 54 a multiple of 6?
True
Is 68 a factor of 711?
False
Is 152 a multiple of 4?
True
Is 991 a multiple of 22?
False
Does 26 divide 946?
False
Does 25 divide 1606?
False
Does 23 divide 7192?
False
Is 95 a factor of 4370?
True
Is 19 a factor of 3923?
False
Is 87 a factor of 1218?
True
Is 39 a factor of 1427?
False
Is 28 a factor of 1204?
True
Does 3 divide 550?
False
Does 77 divide 14322?
True
Is 208 a multiple of 13?
True
Is 2204 a multiple of 22?
False
Does 91 divide 52290?
False
Is 8 a factor of 9450?
False
Does 27 divide 18387?
True
Is 136 a factor of 4347?
False
Is 459 a multiple of 73?
False
Is 290 a multiple of 58?
True
Is 202 a factor of 23444?
False
Is 15 a factor of 22199?
False
Does 47 divide 3055?
True
Is 22 a factor of 3344?
True
Is 7 a factor of 3500?
True
Does 92 divide 41959?
False
Does 177 divide 30975?
True
Does 16 divide 22800?
True
Is 9197 a multiple of 12?
False
Does 104 divide 14226?
False
Is 78 a factor of 1326?
True
Is 92 a factor of 378?
False
Is 40 a factor of 4120?
True
Is 19 a factor of 83942?
True
Is 702 a multiple of 18?
True
Is 339 a multiple of 78?
False
Is 41 a factor of 1403?
False
Does 138 divide 45954?
True
Is 50 a multiple of 10?
True
Does 145 divide 42050?
True
Is 27 a multiple of 3?
True
Is 2714 a multiple of 59?
True
Is 21 a factor of 1995?
True
Is 1735 a multiple of 38?
False
Is 16 a factor of 6610?
False
Is 16524 a multiple of 9?
True
Is 24 a factor of 53266?
False
Does 41 divide 1184?
False
Is 4 a factor of 406?
False
Is 10201 a multiple of 49?
False
Does 14 divide 1328?
False
Is 16069 a multiple of 51?
False
Does 3 divide 10756?
False
Is 10 a factor of 900?
True
Does 6 divide 2087?
False
Does 61 divide 3424?
False
Is 453 a multiple of 53?
False
Does 43 divide 57108?
False
Is 64959 a multiple of 93?
False
Is 2485 a multiple of 8?
False
Is 36 a factor of 26256?
False
Is 26 a factor of 11354?
False
Is 33855 a multiple of 203?
False
Is 398 a multiple of 4?
False
Is 74152 a multiple of 299?
True
Is 12 a factor of 916?
False
Is 120 a multiple of 20?
True
Is 1479 a multiple of 17?
True
Does 21 divide 2037?
True
Does 12 divide 547?
False
Does 29 divide 44715?
False
Is 50 a factor of 2000?
True
Does 6 divide 1344?
True
Is 10840 a multiple of 109?
False
Is 1539 a multiple of 81?
True
Is 73 a factor of 10439?
True
Is 291 a factor of 10663?
False
Is 69724 a multiple of 8?
False
Does 18 divide 12733?
False
Is 2652 a multiple of 68?
True
Is 849 a multiple of 2?
False
Does 20 divide 268?
False
Is 2810 a multiple of 8?
False
Does 164 divide 17220?
True
Is 27 a factor of 319?
False
Does 72 divide 36725?
False
Is 56582 a multiple of 92?
False
Is 42355 a multiple of 22?
False
Does 42 divide 11592?
True
Does 106 divide 9540?
True
Is 26 a factor of 3735?
False
Is 18 a factor of 1029?
False
Is 202 a factor of 35051?
False
Is 9 a factor of 536?
False
Is 24 a factor of 339?
False
Does 38 divide 640?
False
Is 1714 a multiple of 72?
False
Does 13 divide 2704?
True
Does 75 divide 20303?
False
Does 7 divide 2079?
True
Is 39156 a multiple of 7?
False
Is 6145 a multiple of 22?
False
Does 11 divide 1081?
False
Does 76 divide 5852?
True
Does 16 divide 2608?
True
Is 241 a multiple of 22?
False
Does 51 divide 17799?
True
Is 31 a factor of 23798?
False
Is 315 a multiple of 15?
True
Does 8 divide 20664?
True
Does 3 divide 14676?
True
Is 255 a multiple of 17?
True
Is 13962 a multiple of 12?
False
Is 1972 a multiple of 18?
False
Does 7 divide 12824?
True
Does 3 divide 250?
False
Is 62010 a multiple of 130?
True
Is 47 a factor of 11834?
False
Is 9 a factor of 710?
False
Is 101 a factor of 3939?
True
Is 552 a multiple of 24?
True
Is 172 a multiple of 11?
False
Is 62 a factor of 1378?
False
Is 49 a factor of 17983?
True
Is 18168 a multiple of 21?
False
Does 21 divide 9261?
True
Does 30 divide 2100?
True
Is 13 a factor of 442?
True
Is 84 a factor of 17113?
False
Is 14 a factor of 3189?
False
Is 14 a factor of 3109?
False
Is 1607 a multiple of 27?
False
Is 45 a factor of 3555?
True
Is 1281 a multiple of 8?
False
Is 2184 a multiple of 78?
True
Is 15433 a multiple of 23?
True
Is 890 a multiple of 11?
False
Is 18 a multiple of 18?
True
Does 24 divide 287?
False
Is 4 a factor of 9032?
True
Does 40 divide 499?
False
Does 2 divide 326?
True
Is 229 a factor of 26406?
False
Is 4611 a multiple of 130?
False
Is 3660 a multiple of 20?
True
Is 34 a factor of 1783?
False
Is 1398 a multiple of 25?
False
Does 157 divide 24867?
False
Is 1899 a multiple of 82?
False
Is 7 a factor of 634?
False
Is 5 a factor of 220?
True
Does 72 divide 720?
True
Does 30 divide 5550?
True
Does 37 divide 243?
False
Is 8 a factor of 496?
True
Is 5 a factor of 1168?
False
Does 135 divide 17364?
False
Is 10584 a multiple of 9?
True
Does 23 divide 3128?
True
Does 41 divide 1962?
False
Is 105 a factor of 6615?
True
Is 49 a factor of 441?
True
Is 69 a factor of 16008?
True
Is 3329 a multiple of 13?
False
Is 7064 a multiple of 36?
False
Is 4928 a multiple of 12?
False
Is 12 a factor of 11076?
True
Is 105 a multiple of 35?
True
Is 69199 a multiple of 95?
False
Is 923 a multiple of 9?
False
Does 31 divide 942?
False
Does 59 divide 8673?
True
Is 12 a factor of 1500?
True
Is 1586 a multiple of 61?
True
Is 56 a factor of 3696?
True
Does 9 divide 5922?
True
Is 17 a factor of 51408?
True
Is 43 a factor of 59?
False
Is 134 a factor of 112560?
True
Is 28 a factor of 8869?
False
Does 4 divide 527?
False
Is 924 a multiple of 11?
True
Is 259 a multiple of 10?
False
Is 6 a factor of 289?
False
Is 581 a multiple of 8?
False
Is 102 a factor of 5508?
True
Is 42 a factor of 3807?
False
Is 6369 a multiple of 33?
True
Is 3 a factor of 426?
True
Is 102 a factor of 11016?
True
Is 16440 a multiple of 137?
True
Is 367 a multiple of 30?
False
Is 2600 a multiple of 50?
True
Is 5 a factor of 8345?
True
Is 7 a factor of 11156?
False
Does 35 divide 1370?
False
Does 17 divide 18511?
False
Is 170 a factor of 14620?
True
Does 17 divide 21913?
True
Does 107 divide 1762?
False
Is 62 a multiple of 2?
True
Does 2 divide 234?
True
Is 9697 a multiple of 4?
False
Does 4 divide 2660?
True
Is 123 a factor of 3075?
True
Is 273 a multiple of 13?
True
Is 6538 a multiple of 3?
False
Is 23 a factor of 1511?
False
Is 5178 a multiple of 35?
False
Does 11 divide 15191?
True
Is 2992 a multiple of 32?
False
Does 5 divide 5205?
True
Is 10147 a multiple of 139?
True
Is 73 a factor of 3358?
True
Is 588 a multiple of 22?
False
Does 5 divide 140?
True
Is 51468 a multiple of 30?
False
Does 30 divide 1050?
True
Is 20 a factor of 7872?
False
Is 246 a multiple of 6?
True
Does 67 divide 2010?
True
Is 11 a factor of 2066?
False
Is 164 a factor of 20569?
False
Does 7 divide 2100?
True
Does 41 divide 943?
True
Is 8705 a multiple of 17?
False
Is 76 a factor of 14471?
False
Is 24104 a multiple of 184?
True
Is 136188 a multiple of 13?
True
Is 6963 a multiple of 25?
False
Is 5500 a multiple of 10?
True
Is 8 a factor of 2408?
True
Is 27 a factor of 30867?
False
Is 900 a multiple of 10?
True
Is 12 a factor of 4860?
True
Does 75 divide 7500?
True
Does 4 divide 3512?
True
Is 73075 a multiple of 185?
True
Is 3555 a multiple of 16?
False
Does 12 divide 25549?
False
Is 39 a factor of 702?
True
Does 13 divide 674?
False
Is 16 a multiple of 6?
False
Does 5 divide 44?
False
Is 11 a factor of 710?
False
Does 32 divide 2588?
False
Is 10 a factor of 1150?
True
Is 64 a factor of 1158?
False
Is 16149 a multiple of 21?
True
Is 408 a multiple of 12?
True
Is 35 a factor of 14455?
True
Is 7 a factor of 112?
True
Does 57 divide 2356?
False
Is 2240 a multiple of 4?
True
Does 347 divide 124094?
False
Does 50 divide 2037?
False
Does 27 di